{"id":824,"date":"2021-05-15T09:10:22","date_gmt":"2021-05-15T02:10:22","guid":{"rendered":"https:\/\/materials-lab.hcmus.edu.vn\/?page_id=824"},"modified":"2022-11-03T10:57:00","modified_gmt":"2022-11-03T03:57:00","slug":"tin-tuc-khoa-hoc-vi","status":"publish","type":"page","link":"https:\/\/materials-lab.hcmus.edu.vn\/?page_id=824","title":{"rendered":"Tin T\u1ee9c (Vi)"},"content":{"rendered":"\n<h1><span style=\"color: #0000ff;\">Tin AM-Lab<\/span><\/h1>\n\n\n<ul class=\"wp-block-latest-posts__list is-grid columns-3 has-dates wp-block-latest-posts\"><li><div class=\"wp-block-latest-posts__featured-image aligncenter\"><a href=\"https:\/\/materials-lab.hcmus.edu.vn\/?p=2006\" aria-label=\"L\u1ec5 trao quy\u1ebft \u0111\u1ecbnh Giao nhi\u1ec7m v\u1ee5 l\u00e3nh \u0111\u1ea1o chuy\u00ean m\u00f4n AM-Lab\"><img loading=\"lazy\" decoding=\"async\" width=\"150\" height=\"150\" src=\"https:\/\/materials-lab.hcmus.edu.vn\/wp-content\/uploads\/2025\/10\/P4T9445-scaled-1-150x150.jpg\" class=\"attachment-thumbnail size-thumbnail wp-post-image\" alt=\"Giao nhi\u1ec7m v\u1ee5 L\u00e3nh \u0111\u1ea1o chuy\u00ean m\u00f4n PTN V\u1eadt li\u1ec7u K\u1ef9 thu\u1eadt cao - 2025\" style=\"max-height:150px;\" srcset=\"https:\/\/materials-lab.hcmus.edu.vn\/wp-content\/uploads\/2025\/10\/P4T9445-scaled-1-150x150.jpg 150w, https:\/\/materials-lab.hcmus.edu.vn\/wp-content\/uploads\/2025\/10\/P4T9445-scaled-1-800x800.jpg 800w\" sizes=\"(max-width: 150px) 100vw, 150px\" \/><\/a><\/div><a class=\"wp-block-latest-posts__post-title\" href=\"https:\/\/materials-lab.hcmus.edu.vn\/?p=2006\">L\u1ec5 trao quy\u1ebft \u0111\u1ecbnh Giao nhi\u1ec7m v\u1ee5 l\u00e3nh \u0111\u1ea1o chuy\u00ean m\u00f4n AM-Lab<\/a><time datetime=\"2025-10-06T14:45:13+07:00\" class=\"wp-block-latest-posts__post-date\">06\/10\/2025<\/time><div class=\"wp-block-latest-posts__post-excerpt\">S\u00e1ng ng\u00e0y 06\/10\/2025, Tr\u01b0\u1eddng \u0110\u1ea1i h\u1ecdc Khoa h\u1ecdc T\u1ef1 nhi\u00ean \u2013 \u0110HQG TP. H\u1ed3 Ch\u00ed Minh \u0111\u00e3 long tr\u1ecdng t\u1ed5 ch\u1ee9c L\u1ec5 trao quy\u1ebft \u0111\u1ecbnh b\u1ed5 nhi\u1ec7m vi\u00ean ch\u1ee9c qu\u1ea3n l\u00fd v\u00e0 giao nhi\u1ec7m v\u1ee5 l\u00e3nh \u0111\u1ea1o chuy\u00ean m\u00f4n cho m\u1ed9t s\u1ed1 \u0111\u01a1n v\u1ecb tr\u1ef1c thu\u1ed9c Tr\u01b0\u1eddng. Trong bu\u1ed5i l\u1ec5,<\/div><\/li>\n<li><div class=\"wp-block-latest-posts__featured-image aligncenter\"><a href=\"https:\/\/materials-lab.hcmus.edu.vn\/?p=1964\" aria-label=\"Ch\u00fac m\u1eebng c\u00e1c HVCH t\u1ea1i AM-Lab b\u1ea3o v\u1ec7 th\u00e0nh c\u00f4ng lu\u1eadn v\u0103n Th\u1ea1c s\u0129\"><img loading=\"lazy\" decoding=\"async\" width=\"150\" height=\"150\" src=\"https:\/\/materials-lab.hcmus.edu.vn\/wp-content\/uploads\/2025\/09\/Picture1-150x150.jpg\" class=\"attachment-thumbnail size-thumbnail wp-post-image\" alt=\"\" style=\"max-height:150px;\" srcset=\"https:\/\/materials-lab.hcmus.edu.vn\/wp-content\/uploads\/2025\/09\/Picture1-150x150.jpg 150w, https:\/\/materials-lab.hcmus.edu.vn\/wp-content\/uploads\/2025\/09\/Picture1-800x800.jpg 800w\" sizes=\"(max-width: 150px) 100vw, 150px\" \/><\/a><\/div><a class=\"wp-block-latest-posts__post-title\" href=\"https:\/\/materials-lab.hcmus.edu.vn\/?p=1964\">Ch\u00fac m\u1eebng c\u00e1c HVCH t\u1ea1i AM-Lab b\u1ea3o v\u1ec7 th\u00e0nh c\u00f4ng lu\u1eadn v\u0103n Th\u1ea1c s\u0129<\/a><time datetime=\"2025-09-07T20:01:02+07:00\" class=\"wp-block-latest-posts__post-date\">07\/09\/2025<\/time><div class=\"wp-block-latest-posts__post-excerpt\">PTN V\u1eadt li\u1ec7u K\u1ef9 thu\u1eadt cao xin g\u1eedi l\u1eddi ch\u00fac m\u1eebng n\u1ed3ng nhi\u1ec7t \u0111\u1ebfn c\u00e1c h\u1ecdc vi\u00ean cao h\u1ecdc \u0111\u00e3 ho\u00e0n th\u00e0nh xu\u1ea5t s\u1eafc lu\u1eadn v\u0103n th\u1ea1c s\u0129 trong th\u1eddi gian qua: HVCH Tri\u1ec7u Th\u1eeba Quang m\u1ed9t th\u00e0nh vi\u00ean c\u1ee7a AM-Lab \u0111\u00e3 b\u1ea3o v\u1ec7 th\u00e0nh c\u00f4ng lu\u1eadn v\u0103n Th\u1ea1c s\u0129<\/div><\/li>\n<li><div class=\"wp-block-latest-posts__featured-image aligncenter\"><a href=\"https:\/\/materials-lab.hcmus.edu.vn\/?p=1892\" aria-label=\"CONGRATULATIONS to the AM-Lab &amp; our members on being honored at the Conference on Exemplary Models of the 2020-2025 period\"><img loading=\"lazy\" decoding=\"async\" width=\"150\" height=\"150\" src=\"https:\/\/materials-lab.hcmus.edu.vn\/wp-content\/uploads\/2025\/06\/P4T_8731-150x150.jpg\" class=\"attachment-thumbnail size-thumbnail wp-post-image\" alt=\"\" style=\"max-height:150px;\" srcset=\"https:\/\/materials-lab.hcmus.edu.vn\/wp-content\/uploads\/2025\/06\/P4T_8731-150x150.jpg 150w, https:\/\/materials-lab.hcmus.edu.vn\/wp-content\/uploads\/2025\/06\/P4T_8731-800x800.jpg 800w\" sizes=\"(max-width: 150px) 100vw, 150px\" \/><\/a><\/div><a class=\"wp-block-latest-posts__post-title\" href=\"https:\/\/materials-lab.hcmus.edu.vn\/?p=1892\">CONGRATULATIONS to the AM-Lab &amp; our members on being honored at the Conference on Exemplary Models of the 2020-2025 period<\/a><time datetime=\"2025-06-06T14:29:46+07:00\" class=\"wp-block-latest-posts__post-date\">06\/06\/2025<\/time><div class=\"wp-block-latest-posts__post-excerpt\">[K\u00e9o xu\u1ed1ng \u0111\u1ec3 xem n\u1ed9i dung b\u1eb1ng Ti\u1ebfng Vi\u1ec7t]On the morning of June 5, 2025, at the Commendation Conference for the 2020\u20132025 period held by the University of Science, VNU-HCM, the Laboratory of Advanced Materials (AM-Lab), along with two outstanding scientists \u2013 Dr. Pham Thanh Tuan Anh (Deputy Head of<\/div><\/li>\n<\/ul>\n\n\n<h1><span style=\"color: #ff0000;\">Tin t\u1ee9c Khoa h\u1ecdc<\/span><\/h1>\n\n\n\n<div class=\"wp-block-columns is-layout-flex wp-container-core-columns-is-layout-2 wp-block-columns-is-layout-flex\">\n<div class=\"wp-block-column is-layout-flow wp-block-column-is-layout-flow\">\n<div class=\"wp-block-columns is-layout-flex wp-container-core-columns-is-layout-1 wp-block-columns-is-layout-flex\">\n<div class=\"wp-block-column is-layout-flow wp-block-column-is-layout-flow\" style=\"flex-basis:66.66%\"><ul class=\"wp-block-latest-posts__list is-grid columns-3 has-dates wp-block-latest-posts\"><li><div class=\"wp-block-latest-posts__featured-image\"><img loading=\"lazy\" decoding=\"async\" width=\"150\" height=\"150\" src=\"https:\/\/materials-lab.hcmus.edu.vn\/wp-content\/uploads\/2022\/10\/5fa6a375fc6e3540dab77f95_richard-feynman-150x150.jpeg\" class=\"attachment-thumbnail size-thumbnail wp-post-image\" alt=\"\" style=\"\" srcset=\"https:\/\/materials-lab.hcmus.edu.vn\/wp-content\/uploads\/2022\/10\/5fa6a375fc6e3540dab77f95_richard-feynman-150x150.jpeg 150w, https:\/\/materials-lab.hcmus.edu.vn\/wp-content\/uploads\/2022\/10\/5fa6a375fc6e3540dab77f95_richard-feynman-53x53.jpeg 53w\" sizes=\"(max-width: 150px) 100vw, 150px\" \/><\/div><a class=\"wp-block-latest-posts__post-title\" href=\"https:\/\/materials-lab.hcmus.edu.vn\/?p=854\">Ph\u01b0\u01a1ng ph\u00e1p h\u1ecdc Feynman<\/a><time datetime=\"2022-10-27T09:05:27+07:00\" class=\"wp-block-latest-posts__post-date\">27\/10\/2022<\/time><div class=\"wp-block-latest-posts__post-excerpt\">The Feynman Technique B\u01b0\u1edbc 1. L\u1ef1a ch\u1ecdn ch\u1ee7 \u0111\u1ec1 nghi\u00ean c\u1ee9u \u0111\u1ec3 b\u1eaft \u0111\u1ea7u h\u1ecdc. [Memorization is not learning. The effective way to learn is writing it on notebooks]. B\u01b0\u1edbc<\/div><\/li>\n<li><a class=\"wp-block-latest-posts__post-title\" href=\"https:\/\/materials-lab.hcmus.edu.vn\/?p=359\">H\u1ed8I NGH\u1eca V\u1eacT L\u00dd CH\u1ea4T R\u1eaeN V\u00c0 KHOA H\u1eccC V\u1eacT LI\u1ec6U TO\u00c0N QU\u1ed0C L\u1ea6N TH\u1ee8 11 (SPMS-2019), Tr\u01b0\u1eddng \u0110\u1ea1i h\u1ecdc Quy Nh\u01a1n, B\u00ecnh \u0110\u1ecbnh, 2-4\/11\/2019<\/a><time datetime=\"2019-05-01T14:09:54+07:00\" class=\"wp-block-latest-posts__post-date\">01\/05\/2019<\/time><div class=\"wp-block-latest-posts__post-excerpt\">H\u1ed9i Khoa h\u1ecdc V\u1eadt li\u1ec7u, H\u1ed9i V\u1eadt l\u00fd Vi\u1ec7t Nam, Vi\u1ec7n V\u1eadt l\u00fd (VAST)\u00a0v\u00e0 Tr\u01b0\u1eddng \u0110\u1ea1i h\u1ecdc Quy Nh\u01a1n\u00a0\u0111\u1ed3ng ph\u1ed1i h\u1ee3p t\u1ed5 ch\u1ee9c\u00a0H\u1ed9i ngh\u1ecb to\u00e0n qu\u1ed1c v\u1ec1 V\u1eadt l\u00fd ch\u1ea5t<\/div><\/li>\n<\/ul><\/div>\n\n\n\n<div class=\"wp-block-column is-layout-flow wp-block-column-is-layout-flow\" style=\"flex-basis:33.33%\"><\/div>\n<\/div>\n<\/div>\n<\/div>\n\n\n\n<h2><a href=\"https:\/\/materials-lab.hcmus.edu.vn\/?page_id=967\"><span style=\"color: #008000;\">All news<\/span><\/a><\/h2>\n","protected":false},"excerpt":{"rendered":"<p>Tin AM-Lab Tin t\u1ee9c Khoa h\u1ecdc All news<\/p>\n","protected":false},"author":1,"featured_media":0,"parent":0,"menu_order":0,"comment_status":"closed","ping_status":"closed","template":"","meta":{"footnotes":""},"_links":{"self":[{"href":"https:\/\/materials-lab.hcmus.edu.vn\/index.php?rest_route=\/wp\/v2\/pages\/824"}],"collection":[{"href":"https:\/\/materials-lab.hcmus.edu.vn\/index.php?rest_route=\/wp\/v2\/pages"}],"about":[{"href":"https:\/\/materials-lab.hcmus.edu.vn\/index.php?rest_route=\/wp\/v2\/types\/page"}],"author":[{"embeddable":true,"href":"https:\/\/materials-lab.hcmus.edu.vn\/index.php?rest_route=\/wp\/v2\/users\/1"}],"replies":[{"embeddable":true,"href":"https:\/\/materials-lab.hcmus.edu.vn\/index.php?rest_route=%2Fwp%2Fv2%2Fcomments&post=824"}],"version-history":[{"count":11,"href":"https:\/\/materials-lab.hcmus.edu.vn\/index.php?rest_route=\/wp\/v2\/pages\/824\/revisions"}],"predecessor-version":[{"id":985,"href":"https:\/\/materials-lab.hcmus.edu.vn\/index.php?rest_route=\/wp\/v2\/pages\/824\/revisions\/985"}],"wp:attachment":[{"href":"https:\/\/materials-lab.hcmus.edu.vn\/index.php?rest_route=%2Fwp%2Fv2%2Fmedia&parent=824"}],"curies":[{"name":"wp","href":"https:\/\/api.w.org\/{rel}","templated":true}]}}